s divided by 7?
4
Let d = -1 + 5. Suppose -2*n - 5*b + 93 = 0, 5*n + 3*b - d*b - 273 = 0. What is the remainder when n is divided by 14?
12
Let v(g) = g**2 + 6*g + 1. Let l be v(-6). Let y(w) = 46*w**2 - w + 1. Let c be y(l). Suppose c = 4*a - 58. Calculate the remainder when a is divided by 14.
12
Suppose 15 = 4*x + x. Let c = -12 - -28. Calculate the remainder when (141/9)/(1/x) is divided by c.
15
Calculate the remainder when 21 is divided by 100/35*28/8.
1
Let j(l) = -l**2 + 0*l**2 - 5*l + l - 4. Let q be j(-5). Let y = 0 - q. What is the remainder when 25 is divided by y?
7
Let v be -3*(3 - (-1)/(-3)). Let g = 16 + v. What is the remainder when 15 is divided by g?
7
Suppose 0 = -0*u - 4*u - 2*c + 118, -5*u = -c - 158. Calculate the remainder when 90 is divided by u.
28
Let v(s) = 5*s - 59. Let c(r) = 7*r - 3. What is the remainder when c(7) is divided by v(15)?
14
Let i = 9 + -5. Let s be (-1)/2 + (-11)/(-2). Suppose 0 = y - s*y + 24. What is the remainder when y is divided by i?
2
Let l be (-1 + -1)*-1 - -1. Let x be -1*l/3 + -3. Let q(r) = -2*r - 3. What is the remainder when 8 is divided by q(x)?
3
Suppose -b + 3*a = 2*b - 264, -4*b - 2*a = -328. What is the remainder when b is divided by 31?
22
Let x(i) = i**2 + 5*i + 4. Let k(c) = 14*c - 4. What is the remainder when k(3) is divided by x(-6)?
8
Suppose -f + 2*f = 3*j, -10 = -4*j - 2*f. Let h be ((-57)/6)/(j/(-2)). Suppose 3*o - 250 = -h. What is the remainder when o is divided by 20?
17
Suppose -4 = -4*c + 4. Suppose 0 = -c*m - 0*m + 24. Calculate the remainder when 22 is divided by m.
10
Let f(q) = q**2 - 5*q - 1. Let w be f(5). Calculate the remainder when 49 is divided by ((-17)/(-4))/(w/(-4)).
15
Suppose -p + 2*z = p - 86, -2*z - 209 = -5*p. Suppose 0 = -4*o - n - 4*n + p, -3*n + 7 = -2*o. What is the remainder when 11 is divided by o?
3
Let f be 2/8 - (-246)/8. Let g = f - 12. Calculate the remainder when 56 is divided by g.
18
Suppose 61 = i + 4*j, -j = -3*i + 10 + 108. Suppose -2*g + 525 = 3*g. Suppose 5*o = -0*o + g. What is the remainder when i is divided by o?
20
Let i(l) = l**2 + l - 1. Let z(p) = -5*p**2 - 23*p + 4. Let h(g) = 6*i(g) + z(g). What is the remainder when 63 is divided by h(18)?
15
Suppose 2*b - 13 = 17. Calculate the remainder when 28 is divided by b.
13
Let p(t) = t**3 + 9*t**2 + 5*t + 1. What is the remainder when p(-5) is divided by 20?
16
Suppose 2*d + 259 = 7*d - 3*p, d = -5*p + 63. Calculate the remainder when d is divided by 18.
17
What is the remainder when 72*(2 + -1) - 4 is divided by 14?
12
Let c(b) = b**2 - 3*b - 2. Calculate the remainder when c(-4) is divided by (-4)/(-10) - (48/(-30) + -5).
5
Let h be (-1 - 16/(-12))*-75. Let c = -17 - h. What is the remainder when 14 is divided by c?
6
Let m = -180 - -275. What is the remainder when m is divided by 16?
15
Suppose -38 = -4*y + 30. Calculate the remainder when y is divided by 9.
8
Suppose 2*l = -5*k + 6 + 5, 0 = 3*l + 5*k - 14. What is the remainder when l is divided by 1?
0
Suppose 10 = o - 8. Calculate the remainder when 71 is divided by o.
17
Let m(w) = w + 6. Let u be m(-7). Calculate the remainder when 2 is divided by 2 + (-2 - -2)/u.
0
Let p = -144 + 203. What is the remainder when p is divided by 12?
11
Let q(h) = -5*h. Suppose 2*s = 2, -5*s + s + 37 = 3*o. What is the remainder when q(-6) is divided by o?
8
Let h(t) = 7*t - 5. Let b(r) = 3*r**2 + 4*r + 1. Calculate the remainder when h(5) is divided by b(-3).
14
Suppose 4 = v - 2. Let b = 6 - v. Suppose -w - 4*c + 20 = 0, 2*w - c - 102 + 17 = b. What is the remainder when w is divided by 14?
12
Suppose 82 = 5*r - t, -3*t = -2*t + 2. Let a = 2 + -1. Suppose 3*x - a = 26. Calculate the remainder when r is divided by x.
7
Suppose -b - 135 = -8*p + 3*p, -5*p - 2*b = -120. Calculate the remainder when p is divided by 14.
12
Suppose 3*w - 8 = -w. Let f(v) = v**2 - 6*v - 8. Let i be f(7). What is the remainder when (30/(-12))/(i/2) is divided by w?
1
Let x = 120 + -109. Let f = 5 + 0. Suppose 39 = -0*g + g - 4*t, -2*g + 52 = f*t. Calculate the remainder when g is divided by x.
9
Suppose -6 - 6 = 3*x. Let i(n) = 11*n + 5. Let b(v) = 10*v + 6. Let m(u) = 2*b(u) - 3*i(u). What is the remainder when m(x) is divided by 17?
15
What is the remainder when 63 is divided by (-41 - -1)*-2*(-7)/(-35)?
15
Suppose 4*k = -5*u + 8, 5*k + 3*u - 15 = -5. Let f = -9 + -3. Calculate the remainder when 33/(k*(-9)/f) is divided by 8.
6
Let p(i) = -i + 7. Let b be p(6). Let g be 1/(b + -2)*0. Suppose g = -0*r - r + 21. Calculate the remainder when 61 is divided by r.
19
Let m be 1/3*(25 - 7). Suppose 26 = 4*h - m. What is the remainder when 15 is divided by h?
7
Let v(g) = 2*g**2 - 4*g - 1. Let t be v(3). Suppose 0*l + 2*s + 44 = 4*l, l + t*s = 33. What is the remainder when (75/(-9))/((-2)/6) is divided by l?
12
Let k(y) = -y**2 + 6*y + 9. Suppose 0*c + 7 = c. Let u be k(c). Suppose -u*v - 84 = -6*v. Calculate the remainder when v is divided by 11.
10
Let w = 18 + -6. What is the remainder when 33 is divided by w?
9
Suppose -4*b = 0, -6*b + 15 = h - b. Let n be (3 - -1)*h + -1. Suppose 0 = 3*c + 17 - n. Calculate the remainder when 41 is divided by c.
13
Suppose n + 136 = 5*n. Suppose -5*i = -n - 36. Let l = -8 + 13. What is the remainder when i is divided by l?
4
Suppose 3*p = 4*r + 119, 0 = 2*p - 4*r - 84 + 10. Calculate the remainder when p is divided by 23.
22
Let d = 6 + -4. Let m be (d/4)/(2/8). Suppose 0 = u + m - 3. What is the remainder when 1 is divided by u?
0
Let x(v) = v**3 - 8*v**2 + 8*v - 3. Let n be x(7). Suppose 4*s + 32 = n*f, -2*f - f + 18 = -s. Calculate the remainder when 7 is divided by f.
2
What is the remainder when 45 is divided by (8/5)/(4/60)?
21
Let k(y) = -y**3 - 4*y**2 - 3*y - 4. Calculate the remainder when 22 is divided by k(-4).
6
Suppose -250 = 5*u - 10*u. Let p = -25 - -42. What is the remainder when u is divided by p?
16
Let w(x) = -25*x - 4. Let y be w(3). Let f be y/(-7) - 4/14. Let b = f + 0. Calculate the remainder when 31 is divided by b.
9
Let l = -13 + 19. Suppose -9*y + 14*y = 60. Calculate the remainder when ((-153)/(-3))/(l/4) is divided by y.
10
What is the remainder when (-8 + 7)/((-2)/62) is divided by 16?
15
Let f(k) = -k + 1. Let u be f(2). Suppose 0*x + x = -2*b + 25, -5 = -x. What is the remainder when (-1 + 3)/(u/(-14)) is divided by b?
8
Suppose 3 = n - u, -6*u = -5*u - 5. What is the remainder when (-7 - -2)/(-20)*52 is divided by n?
5
Let p(v) = v**2 - 12*v + 5. Let x be p(9). Let y = x - -317. Suppose 4*r + 71 - y = 5*u, 57 = r - u. What is the remainder when r is divided by 21?
19
Let z = -20 + 21. Suppose 0 = 3*s - 10 + z. Let p = 8 + -5. What is the remainder when s is divided by p?
0
Suppose 2*g = -4*n + 53 + 27, 30 = n + 3*g. Suppose -3*d + n - 6 = 0. Suppose 0 = d*i - 2*i - 48. What is the remainder when i is divided by 13?
11
Let y(g) = -g**3 + 9*g**2 - 7*g - 4. Let x be y(8). Suppose x = 3*j - 2. Suppose -12 = -j*m - m. Calculate the remainder when 13 is divided by m.
1
Let u(j) = 8*j - 15. Let i be u(13). Suppose -5*b + 21 = 2*a - i, -b + 44 = -4*a. Calculate the remainder when b is divided by (-52)/16*(-4)/1.
11
Let s = -16 + 26. Let g be 222/(-27) + 2/9. Let v(n) = -5*n - 3. Calculate the remainder when v(g) is divided by s.
7
Let x(j) = -j**2 - 6*j + 6. Let z be x(-6). Suppose b - z*b + 4*r - 10 = 0, b - 17 = -3*r. What is the remainder when 58 is divided by 2 + -4 + b + 15?
13
Suppose -2*w - 2*w = -40. Calculate the remainder when 18 is divided by w.
8
Suppose 0 = g + 3*g - 68. What is the remainder when 80 is divided by g?
12
Calculate the remainder when (9/6)/((-1)/(-22)) is divided by 17.
16
Suppose v - 16 - 41 = 0. Calculate the remainder when v is divided by 20.
17
Let n(w) = w**2 - 4*w - 2. Suppose 2*s - 3*a = -12, -2*s + 0*a = a + 4. Let f = s - -19. What is the remainder when n(-4) is divided by f?
14
Let b = -5 + 21. Calculate the remainder when b is divided by 11.
5
Let s = 138 + -123. Suppose 2*h = h + 42. Calculate the remainder when h is divided by s.
12
Suppose 0 = -q - 2, -5*r + 0*r = 2*q - 6. Let z be 0/((-1 + -1)/2). Suppose r = -z*m + m. What is the remainder when 3 is divided by m?
1
Suppose 0 = 2*o - 0*o + 3*b - 30, 2*o - 3*b - 42 = 0. What is the remainder when o is div